
11000111011001001
-208166 (base 9) to base 16
-1e4a7
What is 514110 (base 6) in base 8?
120172
7483a (base 13) to base 12
a1718
Convert 1023249 (base 15) to base 4.
223320032313
-1164340 (base 7) to base 6
-3120201
Convert -33777b (base 12) to base 14.
-175755
-1003013003 (base 4) to base 13
-9816b
Convert 66a05b (base 16) to base 14.
c710cb
Convert 113890 (base 10) to base 6.
2235134
What is -36579 (base 15) in base 11?
-109284
What is 3434841 (base 9) in base 8?
7044553
10101010000101100010 (base 2) to base 3
1022101122202
Convert -3030014 (base 7) to base 5.
-43011121
What is 20320203120 (base 4) in base 13?
636cab
Convert -7c17d3 (base 16) to base 6.
-450150431
68011a1 (base 11) to base 10
11919337
What is 141301310 (base 5) in base 2?
10110001110100001010
What is 19beee (base 15) in base 16?
13284b
Convert -3aa26 (base 11) to base 16.
-e467
-2bc53b (base 13) to base 11
-68048a
637822 (base 12) to base 15
20eaee
Convert 178393 (base 10) to base 16.
2b8d9
What is 93636a (base 16) in base 3?
200011201222201
Convert 1204114 (base 6) to base 15.
13a7d
Convert 1002121012022 (base 3) to base 10.
582614
Convert -43624515 (base 7) to base 16.
-394998
What is 1321102 (base 7) in base 13?
60b32
Convert -6654949 (base 10) to base 9.
-13462777
304127 (base 11) to base 9
824238
Convert 4511219 (base 10) to base 6.
240405135
What is -144304040 (base 6) in base 8?
-13367230
-2f6424 (base 16) to base 4
-23312100210
67cdd5 (base 16) to base 5
3220143101
What is 13312213113 (base 4) in base 7?
23333034
What is -43334023 (base 8) in base 10?
-9287699
-3650210 (base 7) to base 15
-9309e
What is 344101112 (base 5) in base 13?
42376b
-8198 (base 10) to base 15
-2668
What is -6104 (base 10) in base 3?
-22101002
Convert 7375884 (base 9) to base 13.
a82a22
13333202330 (base 4) to base 14
3c783a
Convert 136ab2b (base 14) to base 16.
8f7b03
416c6 (base 13) to base 15
24cb2
What is -2033000110 (base 4) in base 5?
-122220443
bae55 (base 16) to base 11
483172
What is 76694 (base 11) in base 5?
12030202
-377444 (base 11) to base 15
-bb694
What is -4867aa (base 12) in base 4?
-10132103302
What is 267495 (base 10) in base 7?
2162604
What is -11500402 (base 6) in base 12?
-157702
Convert -845c8 (base 13) to base 12.
-b5a91
1019861 (base 11) to base 13
4acc33
Convert -11211212020022 (base 3) to base 13.
-6c24cb
What is -100001201013 (base 4) in base 2?
-10000000001100001000111
-165796 (base 10) to base 8
-503644
Convert -243417 (base 9) to base 4.
-203312311
What is -340273 (base 9) in base 8?
-615543
Convert 102423 (base 8) to base 4.
20110103
Convert -10228143 (base 10) to base 8.
-47010657
1000020001120 (base 3) to base 9
1006046
Convert -4b6c1 (base 13) to base 7.
-1120642
Convert 31004321 (base 5) to base 14.
67470
53504226 (base 7) to base 10
4556187
Convert -54dcba (base 15) to base 7.
-46251166
Convert 1555651 (base 9) to base 4.
3102312310
What is -30355304 (base 6) in base 15?
-12303d
What is -1035454 (base 7) in base 10?
-126802
What is -10001011101100110000111 (base 2) in base 6?
-242040531
Convert 45840 (base 10) to base 5.
2431330
Convert 1022221221 (base 3) to base 13.
bc17
What is 212222200220 (base 3) in base 12?
1a92b9
What is -1306474 (base 15) in base 9?
-27675141
Convert 221322223 (base 4) to base 3.
22201111221
Convert -33333661 (base 7) to base 16.
-2bfc06
What is -5cd21 (base 15) in base 13?
-a4cbc
-4053111 (base 8) to base 4
-10011121021
What is -12002212011100 (base 3) in base 6?
-134054143
What is 11110110000011000000 (base 2) in base 12?
407280
Convert -334343343 (base 5) to base 16.
-16998a
What is -442208 (base 10) in base 3?
-211110121002
What is 263032 (base 8) in base 11?
62970
Convert -51788 (base 9) to base 10.
-34181
Convert -2706a8a (base 11) to base 16.
-47685d
Convert 1000010000101010001010 (base 2) to base 3.
11002000100111
Convert -13123123 (base 5) to base 16.
-1fafc
-9a897 (base 12) to base 14
-54ab1
What is 40b24 (base 14) in base 6?
3201312
-345966 (base 13) to base 2
-100101110111010001001
Convert 399e63 (base 15) to base 2.
1010100011101000001000
Convert -405363 (base 9) to base 8.
-725015
-2025524 (base 7) to base 4
-323012132
Convert 40a35 (base 14) to base 4.
212000113
74a07 (base 11) to base 9
175502
What is 111110200201010 (base 3) in base 10?
7158567
Convert -39997 (base 11) to base 9.
-86281
What is -529824 (base 13) in base 6?
-105245050
-300102220 (base 4) to base 12
-96574
Convert 15245612 (base 7) to base 15.
1dba9e
What is 1647000 (base 9) in base 4?
3133321122
What is 1000011010011100 (base 2) in base 9?
52238
3337c3 (base 13) to base 6
41514131
What is -78a956 (base 13) in base 3?
-12100211222100
What is 50606137 (base 8) in base 2?
101000110000110001011111
100110100000010110 (base 2) to base 5
20021333
Convert 5517457 (base 9) to base 11.
17452a1
Convert e39c (base 15) to base 12.
239a0
Convert 1441555 (base 7) to base 10.
195109
Convert -834a4 (base 13) to base 7.
-2001503
Convert 100254135 (base 6) to base 11.
a63192
47837 (base 12) to base 11
66337
321615 (base 9) to base 2
101110110000001010
14a25 (base 12) to base 15
8962
6b81 (base 16) to base 4
12232001
-1100111000111111011 (base 2) to base 9
-713367
What is -278604 (base 9) in base 5?
-20422342
What is -137631 (base 11) in base 8?
-644013
94a3e (base 16) to base 4
2110220332
What is -1073a (base 15) in base 11?
-36295
Convert -8458 (base 12) to base 6.
-150552
What is 5151434 (base 7) in base 10?
617621
What is 46350 (base 9) in base 8?
74272
Convert -1348903 (base 13) to base 14.
-b417d6
What is 21116047 (base 8) in base 14?
8508d1
-13331301 (base 6) to base 15
-8c89a
-10211222121112 (base 3) to base 10
-2046749
Convert -342107 (base 8) to base 11.
-79a98
Convert 5820920 (base 11) to base 6.
1002041530
What is -970757 (base 10) in base 3?
-1211022121222
What is 230201321 (base 5) in base 14?
1c86a2
Convert 2450051 (base 8) to base 15.
d53db
730a8 (base 13) to base 8
623500
What is 113444151 (base 7) in base 6?
410242020
242214040 (base 5) to base 3
2010112100120
Convert -63cc62 (base 15) to base 7.
-55246346
What is 11100010010110100000 (base 2) in base 15?
134a91
Convert -460866 (base 10) to base 12.
-1a2856
What is -47fb8 (base 16) in base 5?
-33413330
What is 345505415 (base 6) in base 14?
bd6039
What is 82d29 (base 15) in base 13?
1169c1
366414 (base 9) to base 10
221224
Convert -463562 (base 8) to base 4.
-212131302
310033300 (base 4) to base 10
214000
What is -2021126 (base 8) in base 11?
-334567
Convert 41901 (base 11) to base 16.
ee39
954eb3 (base 16) to base 12
333a757
What is b8122 (base 13) in base 7?
2551524
121110011102 (base 3) to base 13
b44c4
2929 (base 14) to base 2
1110001111001
Convert -10010101111010010101101 (base 2) to base 11.
-2855759
-100132301 (base 4) to base 11
-46799
22211020012111 (base 3) to base 16
478cb4
Convert 1243324131 (base 5) to base 2.
1011110110000010010100
What is -433211302 (base 5) in base 7?
-21505666
10242341 (base 10) to base 11
586624a
What is -2077341 (base 9) in base 14?
-210092
Convert 68800 (base 9) to base 10.
45846
Convert 1b5c9 (base 13) to base 5.
3204423
Convert -287485 (base 10) to base 16.
-462fd
What is 1027911 (base 11) in base 7?
21252434
Convert -6a20 (base 11) to base 8.
-22002
What is 688781 (base 9) in base 6?
12505114
Convert 13220320 (base 7) to base 3.
2021201202111
-21201220230 (base 4) to base 11
-14560a2
What is b7ee (base 15) in base 9?
58348
10cb72 (base 13) to base 4
1201203321
Convert 10001010001100110 (base 2) to base 11.
49186
What is 353b6 (base 14) in base 10?
129716
Convert -96194 (base 11) to base 8.
-421313
-21200201111 (base 3) to base 14
-3d285
What is 113003300311 (base 4) in base 12?
2036131
What is -14935 (base 16) in base 2?
-10100100100110101
What is -369010 (base 16) in base 8?
-15510020
202321 (base 5) to base 7
25126
2eac4 (base 15) to base 6
3122434
What is 3308b7 (base 15) in base 4?
21101233210
3246238 (base 10) to base 15
441cad
Convert 3014530 (base 6) to base 16.
22bf6
Convert 21240120 (base 5) to base 10.
180660
What is 76947 (base 11) in base 16?
1b3fd
Convert -1323233 (base 6) to base 5.
-4321232
7772076 (base 9) to base 7
50352111
200110011011 (base 3) to base 8
1305222
-a319a (base 11) to base 6
-3121213
What is 10011100000100000001110 (base 2) i